usands digit of 466599?
6
What is the ten thousands digit of 363905?
6
What is the tens digit of 462959?
5
What is the hundred thousands digit of 182105?
1
What is the ten thousands digit of 10484755?
8
What is the millions digit of 1927889?
1
What is the tens digit of 239328?
2
What is the hundreds digit of 4399943?
9
What is the thousands digit of 212761?
2
What is the hundreds digit of 594992?
9
What is the tens digit of 99523?
2
What is the hundred thousands digit of 5266351?
2
What is the units digit of 160532?
2
What is the ten thousands digit of 739495?
3
What is the hundred thousands digit of 2437496?
4
What is the hundreds digit of 86417?
4
What is the tens digit of 6597116?
1
What is the hundred thousands digit of 911023?
9
What is the hundreds digit of 103012?
0
What is the hundreds digit of 121074?
0
What is the units digit of 40334?
4
What is the millions digit of 4555382?
4
What is the hundreds digit of 202964?
9
What is the units digit of 347547?
7
What is the thousands digit of 2890875?
0
What is the hundreds digit of 3660812?
8
What is the units digit of 7618216?
6
What is the units digit of 215122?
2
What is the units digit of 7856734?
4
What is the hundreds digit of 1439992?
9
What is the tens digit of 2103926?
2
What is the ten thousands digit of 26567277?
6
What is the ten thousands digit of 250497?
5
What is the ten thousands digit of 207993?
0
What is the thousands digit of 16889?
6
What is the ten thousands digit of 691545?
9
What is the thousands digit of 3598011?
8
What is the tens digit of 653377?
7
What is the thousands digit of 379336?
9
What is the ten thousands digit of 12703?
1
What is the ten thousands digit of 16365071?
6
What is the hundreds digit of 3873351?
3
What is the hundred thousands digit of 149008?
1
What is the units digit of 2664933?
3
What is the hundred thousands digit of 118461?
1
What is the hundreds digit of 597710?
7
What is the ten thousands digit of 16740439?
4
What is the thousands digit of 108656?
8
What is the tens digit of 506464?
6
What is the tens digit of 22398448?
4
What is the millions digit of 14568776?
4
What is the tens digit of 8558413?
1
What is the tens digit of 274376?
7
What is the ten millions digit of 12914978?
1
What is the tens digit of 93022?
2
What is the hundreds digit of 660406?
4
What is the tens digit of 14306?
0
What is the ten thousands digit of 860381?
6
What is the units digit of 4128514?
4
What is the tens digit of 11834005?
0
What is the thousands digit of 303129?
3
What is the tens digit of 14682270?
7
What is the units digit of 211019?
9
What is the units digit of 443150?
0
What is the hundreds digit of 4440955?
9
What is the ten thousands digit of 588494?
8
What is the ten thousands digit of 378205?
7
What is the ten thousands digit of 945192?
4
What is the hundred thousands digit of 364826?
3
What is the thousands digit of 487907?
7
What is the ten thousands digit of 4493709?
9
What is the units digit of 234444?
4
What is the hundreds digit of 17137645?
6
What is the thousands digit of 2507150?
7
What is the thousands digit of 334603?
4
What is the tens digit of 553750?
5
What is the thousands digit of 1603753?
3
What is the thousands digit of 1199760?
9
What is the ten thousands digit of 28361?
2
What is the tens digit of 12248514?
1
What is the tens digit of 17743311?
1
What is the units digit of 95587?
7
What is the tens digit of 1876994?
9
What is the units digit of 364310?
0
What is the hundred thousands digit of 143666?
1
What is the hundred thousands digit of 13290359?
2
What is the hundred thousands digit of 1399543?
3
What is the hundreds digit of 328186?
1
What is the units digit of 9845628?
8
What is the hundred thousands digit of 251189?
2
What is the ten millions digit of 12633074?
1
What is the hundreds digit of 3446778?
7
What is the units digit of 9244451?
1
What is the hundreds digit of 836477?
4
What is the hundred thousands digit of 2228469?
2
What is the hundred thousands digit of 1733311?
7
What is the hundred thousands digit of 25640483?
6
What is the millions digit of 7319386?
7
What is the units digit of 199735?
5
What is the ten thousands digit of 320167?
2
What is the hundred thousands digit of 3496518?
4
What is the tens digit of 3737017?
1
What is the ten thousands digit of 53551?
5
What is the thousands digit of 364238?
4
What is the ten thousands digit of 437184?
3
What is the ten thousands digit of 6539559?
3
What is the thousands digit of 1914583?
4
What is the units digit of 1337180?
0
What is the millions digit of 1595533?
1
What is the hundreds digit of 43810350?
3
What is the thousands digit of 6725810?
5
What is the hundreds digit of 60148?
1
What is the hundred thousands digit of 20471256?
4
What is the tens digit of 8085818?
1
What is the hundred thousands digit of 312489?
3
What is the ten thousands digit of 766560?
6
What is the units digit of 15060211?
1
What is the ten thousands digit of 3710234?
1
What is the thousands digit of 517533?
7
What is the hundred thousands digit of 1679428?
6
What is the hundreds digit of 3934058?
0
What is the thousands digit of 449753?
9
What is the units digit of 64346?
6
What is the units digit of 3941887?
7
What is the tens digit of 23998220?
2
What is the hundreds digit of 391895?
8
What is the ten thousands digit of 21273034?
7
What is the ten thousands digit of 555868?
5
What is the tens digit of 2123989?
8
What is the hundred thousands digit of 7879200?
8
What is the units digit of 357059?
9
What is the hundred thousands digit of 203969?
2
What is the tens digit of 411887?
8
What is the units digit of 15332558?
8
What is the tens digit of 5179998?
9
What is the units digit of 255563?
3
What is the thousands digit of 3651664?
1
What is the thousands digit of 10740087?
0
What is the units digit of 22304357?
7
What is the units digit of 2441581?
1
What is the hundreds digit of 456777?
7
What is the hundreds digit of 1518998?
9
What is the hundreds digit of 241297?
2
What is the tens digit of 3620490?
9
What is the hundreds digit of 136189?
1
What is the hundred thousands digit of 1362063?
3
What is the millions digit of 13887479?
3
What is the ten thousands digit of 1692366?
9
What is the ten thousands digit of 295318?
9
What is the units digit of 2880260?
0
What is the tens digit of 505779?
7
What is the thousands digit of 13392571?
2
What is the tens digit of 5554787?
8
What is the hundreds digit of 4402482?
4
What is the thousands digit of 4773488?
3
What is the units digit of 3996131?
1
What is the tens digit of 18503?
0
What is the tens digit of 5923555?
5
What is the hundreds digit of 3342582?
5
What is the thousands digit of 2314598?
4
What is the hundred thousands digit of 1146060?
1
What is the hundreds digit of 297230?
2
What is the millions digit of 4275024?
4
What is the thousands digit of 157994?
7
What is the hundred thousands digit of 1588736?
5
What is the millions digit of 3081349?
3
What is the hundreds digit of 522806?
8
What is the ten thousands digit of 259770?
5
What is the thousands digit of 257596?
7
What is the hundreds digit of 193751?
7
What is the tens digit of 3874806?
0
What is the tens digit of 22855761?
6
What is the tens digit of 111713?
1
What is the tens digit of 2915667?
6
What is the thousands digit of 6535204?
5
What is the units digit of 7754784?
4
What is the hundred thousands digit of 163983?
1
What is the ten thousands digit of 2608821?
0
What is the millions digit of 2089741?
2
What is the hundred thousands digit of 222890?
2
What is the tens digit of 888059?
5
What is the millions digit of 1863128?
1
What is the millions digit of 16618010?
6
What is the ten thousands digit of 4848864?
4
What is the hundred thousands digit of 3865645?
8
What is the millions digit of 4103913?
4
What is the hundreds digit of 8811?
8
What is the tens digit of 21112040?
4
What is the thousands digit of 225267?
5
What is the hundred thousands digit of 508678?
5
What is the hundreds digit of 373312?
3
What is the thousands digit of 7096?
7
What is the ten millions digit of 39774539?
3
What is the units digit of 11438729?
9
What is the ten thousands digit of 592454?
9
What is the tens digit of 11892542?
4
What is the units digit of 220522?
2
What is the 